
0
What is the hundreds digit of -4 - (6 - (-7 - -128))?
1
Suppose 245*z = 248*z - 2160. What is the units digit of z?
0
Suppose 16*i - 4305 = 9343. What is the units digit of i?
3
Let b(r) = r - 5. Let g be b(-10). Let x be 7*(g/(-21) + -1). What is the units digit of 111/(-12)*x*2?
7
Let q be (-4)/16*-4 + 3. Suppose -g = q*g - 165. What is the tens digit of g?
3
Suppose -4*k - 60 = -3*q - k, 0 = 3*k. Suppose -3*w - w = -q. What is the tens digit of 132/w + 10/(-25)?
2
What is the hundreds digit of (19/(-38))/(5/(-25060))?
5
Let g(p) = -p**2 + 5*p - 3. Let t be g(3). Suppose t*l + l - 240 = 0. What is the tens digit of l?
6
What is the units digit of 4 - 3 - 9 - -317?
9
Suppose -12 = -2*y + 94. What is the units digit of y?
3
Suppose -2*m + 1219 = 2*u + u, m - 614 = -3*u. What is the units digit of m?
5
Suppose -460 = -27*r + 23*r. What is the units digit of r - (1 - (1 + 2)/3)?
5
Suppose 2*d = -3*d + 15. Suppose 11*b = 10*b + d. Suppose -6 = -2*o - 5*p, 0 = -3*o - b*p - p + 23. What is the units digit of o?
3
Let a be (-3)/9 + 28/12. Suppose a*i + 234 = 5*i. Let z = i - 35. What is the units digit of z?
3
Let t(c) = -36*c - 42. What is the hundreds digit of t(-12)?
3
Let n(y) be the second derivative of 1/6*y**4 + 0 + 2/3*y**3 + 1/2*y**2 - y. What is the tens digit of n(-4)?
1
Let c(l) = 15*l**2 - 33*l - 48. Let m(i) = -i**2 + 2*i + 3. Let o(j) = -2*c(j) - 33*m(j). Suppose -a + 0 = 3. What is the tens digit of o(a)?
2
Suppose -32 = -4*k + 4*g, k - 3*g - 10 = -0*k. Suppose 3*f = -2*m + 201, -3*f - 8 = k. What is the tens digit of m?
0
Let r be (0 - -4 - 1) + 58. Suppose 2*u + 2*y + 55 = 3*u, u = 5*y + r. What is the units digit of u?
1
Let r(z) be the first derivative of -1/3*z**3 + 6 - 14*z + 8*z**2. What is the units digit of r(15)?
1
Let a be 1*5*(0 - -1). Suppose -u + 34 = a*w - 29, -w = u - 71. What is the tens digit of u?
7
Suppose -7*u + 4*u = 78. What is the hundreds digit of u*(11/(-1) + 4)?
1
Let r = -82 - -81. What is the tens digit of (-45 - r)/(-2) - (26 - 26)?
2
Suppose -2*z + 0*z = 82. Let o be 3 + 90 + (4 - 8). Let m = o + z. What is the units digit of m?
8
Let f(p) = 23*p + 179. What is the tens digit of f(26)?
7
Let u = 341 - -1335. What is the hundreds digit of u?
6
Suppose 0 = 2*k - 2, r + 3*r = 5*k + 71. Suppose m = t + r, 2*m - 2*t = -3*t + 38. What is the units digit of m?
9
Let t(z) = z**3 - 5*z**2 + 3*z - 3. Let n(v) = -v + 1. Let f(h) = 6*n(h) + t(h). Let r = 135 - 129. What is the units digit of f(r)?
1
Let t(m) be the second derivative of m**3/2 - 3*m**2 - 10*m. Let o(b) = -13*b + 25. Let k(d) = -2*o(d) - 9*t(d). What is the units digit of k(-3)?
7
Let i be 3335/253 + 4/(-22). Suppose -i*j + 10*j = -435. What is the units digit of j?
5
Let v(h) = h**3 - 2*h + 3. Let z be v(-3). Suppose -117 = 4*q - b, 36 = -q + 2*b - 4*b. Let p = z - q. What is the tens digit of p?
1
Let c be 1 - (3 + -2)*1. Let z be (-20)/(-8) + 33/22. Suppose c*y + z*u + 164 = 4*y, 2*u - 140 = -4*y. What is the units digit of y?
7
Suppose 39*h - 53*h = -910. What is the tens digit of h?
6
Let h(g) = g**2 + 5*g + 7. Let n(c) = -c**2 - 5*c - 6. Let v(m) = 2*h(m) + 3*n(m). Let z be v(-4). Suppose y + z*y = 11. What is the units digit of y?
1
Suppose -9*f = -2*f + 35. What is the units digit of (4/(-5))/(f/(13275/18))?
8
What is the units digit of -1*(-1518 - (6 - -2))?
6
Let n = -218 - -387. Let u = n + -105. What is the units digit of u?
4
Let n(t) = t**2 - 30*t - 181. What is the tens digit of n(-49)?
9
Let o be 165/30 - 3/2. Suppose 3*v - 7*v = -5*t + 234, -o*v - 134 = -3*t. Let a = t - 12. What is the units digit of a?
8
What is the hundreds digit of 884/(-10)*((-9)/(-3) - 23)?
7
Suppose -4*q = -2*q + 24. Let i be (-27)/(-4) + (-3)/q. Suppose 2*g - i*g = -140. What is the units digit of g?
8
Let i be (468/65)/(2/(-15)). What is the tens digit of i/90 + 756/10?
7
Suppose 23*h = 2355 + 520. What is the units digit of h?
5
Let n = -13 + 172. What is the tens digit of n?
5
Let c be 28/(-21) - (-1)/3. What is the tens digit of c/(-1)*(39 + -15)?
2
Let t(d) be the third derivative of 7*d**4/12 + d**3/6 - 5*d**2. What is the tens digit of t(4)?
5
What is the units digit of (21804/184)/((0 + 2)/52)?
1
Let a(f) = 6*f**2 - 21*f + 5. Let l be a(-5). Suppose -o + 6*j + 88 = 3*j, -3*o + l = -5*j. What is the tens digit of o?
8
Suppose 0 = -d + b + 946, 2*d = 4*b - 3*b + 1888. What is the tens digit of d?
4
Let d = -3236 - -6502. What is the thousands digit of d?
3
Suppose -8*r = -13*r + 650. Let j = -31 + r. Let c = j - 69. What is the tens digit of c?
3
Let w(x) = x**2 - 34. Let u be w(-6). Suppose -2*c - 6*y + 79 = -y, 5*c - 183 = u*y. What is the units digit of c?
7
Let w be 18/4*(-32)/(-12). Let g be w/30 - 394/10. Let t = g + 87. What is the units digit of t?
8
What is the tens digit of -1 + 2997/39 + 122/793?
7
Suppose 0 = s + 6*s - 3*s. Suppose s = -4*v + 5*j + 98 + 255, 83 = v + 4*j. What is the units digit of v?
7
Let x = 10724 + -5480. What is the units digit of x?
4
Suppose 38*h = 123357 + 34267. What is the units digit of h?
8
Suppose m - 2*m + 4 = 0. Suppose 2*s - 5*s = -108. Suppose -5*k = 4*n - s, 5*k = -n - m*n + 35. What is the units digit of k?
8
Let o = 25 + -28. What is the units digit of -1 - (9/o + -22)?
4
Let z = 956 + -70. What is the units digit of z?
6
Suppose 4*t + 7 = 5*t. Suppose t*g - 66 = 4*g. What is the units digit of g?
2
Let y = -1079 - -1600. What is the hundreds digit of y?
5
Suppose -6 = -u + 3*a, -3*u - a - 12 = -70. Let w = 12 - u. What is the units digit of (w/(-2))/((-10)/(-30))?
9
What is the hundreds digit of 271 - ((-6)/3 + 1)?
2
Suppose 5*u - 3*v - 15 = 14, 0 = -3*u - v + 9. Let a be (-16)/((0 - 1)/4). Suppose 2*l + h = u*l - a, 2*l - 48 = 5*h. What is the units digit of l?
4
Suppose -5*b - 25 = 0, 3*b + 0*b + 1950 = 5*v. What is the units digit of v?
7
Suppose -n - n - 59 = -5*b, 0 = -2*b + 10. Let o be (-431)/(-11) - (-18)/(-99). Let g = o + n. What is the units digit of g?
2
Suppose 4*o + 629 = 2805. What is the hundreds digit of o?
5
Suppose 0 = 2*o + 4*r + 2, -r = -3*o - o + 5. Suppose -5*z - 8*t + 261 = -10*t, -z = 5*t - 63. What is the tens digit of 9/(-18)*(o - z)?
2
Let n(u) = u**2 - u. Let d be n(2). Suppose -2*l + 3*a = 2*l - 116, -d*l + 2*a + 60 = 0. What is the tens digit of l?
2
Let o = 224 + -124. Suppose -3*y = -3*i + 372, -i + 4*y + 9 + o = 0. What is the units digit of i?
9
Suppose 0 = 4*s - 2*w - 2006, -s + 216 + 258 = 5*w. What is the tens digit of s?
9
Suppose -2*s = 15 - 143. Let v = 133 - s. What is the tens digit of v?
6
Suppose 14*c - 274 = 426. Let d = 135 - c. What is the tens digit of d?
8
Let o(v) = -2*v**3 + 2*v**2 - v + 12. Let k be o(3). Suppose -5*g + 174 = -116. Let a = k + g. What is the tens digit of a?
3
Suppose 8 = 33*r - 32*r. Let x = r - -37. What is the units digit of x?
5
Let c(j) = 37*j**2 - 31*j - 66. What is the hundreds digit of c(-6)?
4
Let w(j) = j**2 + 7*j + 6. Let t be w(-6). Let a = -3 + 5. Suppose -z + 3*f = -t*z - 24, z - a*f - 27 = 0. What is the tens digit of z?
3
What is the hundreds digit of (1 - 0)/((-9)/(-7470))?
8
Let h be ((-32)/(-12) + -2)*27. Let i = 31 + -18. Suppose x - 17 = -u + i, h = u - 2*x. What is the units digit of u?
6
Let v be (-2)/(-1)*(-15)/(-6). Suppose v*r - 49 = -4*z, 5*z + 0*z - 65 = -5*r. Suppose -4*a + 0*q = 5*q - z, 5*q = 0. What is the units digit of a?
4
Let i(r) = 22*r - 2. Let c(x) = x**2 + 6*x + 3. Let a be c(-6). Let g be i(a). What is the tens digit of (0 - -1)*g/4?
1
Let u(f) = 6*f**2 + f - 1. Let j(n) = n**2 - 7*n + 5. Let w be j(5). Let a be u(w). Suppose 4*h - a = h. What is the units digit of h?
8
Suppose 5*l - 3594 = -2*y, 4*l = 3*y + 1353 + 1536. What is the hundreds digit of l?
7
Suppose 0 = -8*p + 3*p + 555. Suppose 0 = 5*f - p - 39. Suppose 3*y - f = 4*q, 9 = 4*q - 3. What is the tens digit of y?
1
Let f(j) = j**2 + 7*j. Let h be f(-7). Let a = -27 - -32. Suppose -l - 4*v = 15, -5*l + 3*v + a + 12 = h. What is the units digit of l?
1
Let z be 8/(-16)*(4 + -2 + -2). Suppose -5*w + 330 = 5*o, -198 = -3*o - z*o - 4*w. What is the tens digit of o?
6
Let j = 7 - 7. Suppose 2*n + 4*k - 56 = -2*n, 0 = k - 3. Suppose j = -d + 14 + n. What is the tens digit of d?
2
Suppose -24 = -3*f - 18. Suppose -5*l = -3*i - 299, i 